{"id":213,"date":"2020-07-26T15:20:19","date_gmt":"2020-07-26T12:20:19","guid":{"rendered":"http:\/\/cygniwplight.pethemes.com\/?page_id=213"},"modified":"2024-04-24T12:50:22","modified_gmt":"2024-04-24T10:50:22","slug":"big-slider","status":"publish","type":"page","link":"https:\/\/www.doubleffect.com\/?page_id=213","title":{"rendered":"Home"},"content":{"rendered":"\t\t<div data-elementor-type=\"wp-page\" data-elementor-id=\"213\" class=\"elementor elementor-213\">\n\t\t\t\t\t\t<section class=\"elementor-section elementor-top-section elementor-element elementor-element-17e94ba elementor-section-full_width elementor-section-height-default elementor-section-height-default\" data-id=\"17e94ba\" data-element_type=\"section\">\n\t\t\t\t\t\t<div class=\"elementor-container elementor-column-gap-default\">\n\t\t\t\t\t<div class=\"elementor-column elementor-col-100 elementor-top-column elementor-element elementor-element-bdeb23a\" data-id=\"bdeb23a\" data-element_type=\"column\">\n\t\t\t<div class=\"elementor-widget-wrap elementor-element-populated\">\n\t\t\t\t\t\t<div class=\"elementor-element elementor-element-7941598 elementor-widget elementor-widget-bigslider\" data-id=\"7941598\" data-element_type=\"widget\" data-widget_type=\"bigslider.default\">\n\t\t\t\t<div class=\"elementor-widget-container\">\n\t\t\t\n<!--Portfolio Big Slider-->\n<div class=\"fullscreen portfolio-showcase\">\n\n    <!-- Big Slider Overlays (Don't Touch) -->\n    <div class=\"big-slider-overlays\">\n        <span class=\"bs-ov bs-ov-1\"><\/span>\n        <span class=\"bs-ov bs-ov-2\"><\/span>\n        <span class=\"bs-ov bs-ov-3\"><\/span>\n        <span class=\"bs-ov bs-ov-4\"><\/span>\n    <\/div>\n    <!--\/ Big Slider Overlays (Don't Touch) -->\n\n    <div class=\"big-slider\">\n\n                <!-- Project -->\n        <div class=\"big-slider-item bs-inactive\" data-autoplay=\"10000\">\n\n            <!-- Project URL -->\n            <a href=\"https:\/\/www.doubleffect.com\/?portfolios=index\"><\/a>\n            <!--\/ Project URL -->\n\n            <div class=\"top\">\n\n                                <!-- Project Category -->\n                <div class=\"category\">Production<\/div>\n                <!--\/ Project Category -->\n                \n                <!-- Project Title -->\n                <div class=\"title\">Gestionnaire de projets<\/div>\n                <!--\/ Project Title -->\n            <\/div>\n\n                        <!-- Project Summary -->\n            <div class=\"summary\">\n                En tenant compte des provisions d\u00e9j\u00e0 pay\u00e9es.\r\nLe d\u00e9compte peut se faire sur la base des quotit\u00e9s, des consommations r\u00e9elles.            <\/div>\n            <!--\/ Project Summary -->\n            \n                        <!-- Project Year -->\n            <div class=\"year\">#nous<\/div>\n            <!--\/ Project Year -->\n            \n                        <!-- Project Metas -->\n            <div class=\"meta\">\n\n                \n                                <div><span class=\"meta-title\">Cr\u00e9ation<\/span>D\u00e9veloppement<\/div>\n                \n                \n\n                \n                \n                \n                                <div><span class=\"meta-title\">Production<\/span>Gestion<\/div>\n                \n\n                \n                \n\n            <\/div>\n            <!--\/ Project Metas -->\n            \n            <!-- Project Featured Image -->\n            <div class=\"image\">\n                               \n                                \n                           \n                \n                        <img decoding=\"async\" src=\"https:\/\/www.doubleffect.com\/wp-content\/uploads\/2020\/07\/capsule_site_o.jpg\" alt=\"Big Slider Project Image\">\n                \n                                    \n                            <\/div>\n            <!--\/ Project Featured Image -->\n\n        <\/div>\n        <!--\/ Project -->\n                <!-- Project -->\n        <div class=\"big-slider-item bs-inactive\" data-autoplay=\"10000\">\n\n            <!-- Project URL -->\n            <a href=\"https:\/\/www.doubleffect.com\/?portfolios=referencefitness\"><\/a>\n            <!--\/ Project URL -->\n\n            <div class=\"top\">\n\n                                <!-- Project Category -->\n                <div class=\"category\">Application<\/div>\n                <!--\/ Project Category -->\n                \n                <!-- Project Title -->\n                <div class=\"title\">Java {\u2026}<\/div>\n                <!--\/ Project Title -->\n            <\/div>\n\n                        <!-- Project Summary -->\n            <div class=\"summary\">\n                Les frameworks Java (Java SE, Java EE, Java ME, Embedded, Java pour Android, etc.) couvrent un large \u00e9ventail de besoins : des logiciels de gestion aux applications web en passant par les applications mobiles, les jeux, et bien plus encore.            <\/div>\n            <!--\/ Project Summary -->\n            \n                        <!-- Project Year -->\n            <div class=\"year\">d\u00e9veloppement d\u2019application<\/div>\n            <!--\/ Project Year -->\n            \n                        <!-- Project Metas -->\n            <div class=\"meta\">\n\n                \n                                <div><span class=\"meta-title\">nos <\/span>projets<\/div>\n                \n                \n\n                \n                \n                \n                                <div><span class=\"meta-title\">plateforme<\/span>mobile et bureau <\/div>\n                \n\n                \n                \n\n            <\/div>\n            <!--\/ Project Metas -->\n            \n            <!-- Project Featured Image -->\n            <div class=\"image\">\n                               \n                                \n                           \n                \n                        <img decoding=\"async\" src=\"https:\/\/www.doubleffect.com\/wp-content\/uploads\/2020\/07\/rf_site_00.jpg\" alt=\"Big Slider Project Image\">\n                \n                                    \n                            <\/div>\n            <!--\/ Project Featured Image -->\n\n        <\/div>\n        <!--\/ Project -->\n                <!-- Project -->\n        <div class=\"big-slider-item bs-inactive\" data-autoplay=\"10000\">\n\n            <!-- Project URL -->\n            <a href=\"https:\/\/www.doubleffect.com\/?portfolios=studentstation\"><\/a>\n            <!--\/ Project URL -->\n\n            <div class=\"top\">\n\n                                <!-- Project Category -->\n                <div class=\"category\">G\u00e9stion<\/div>\n                <!--\/ Project Category -->\n                \n                <!-- Project Title -->\n                <div class=\"title\">Student Station<\/div>\n                <!--\/ Project Title -->\n            <\/div>\n\n                        <!-- Project Summary -->\n            <div class=\"summary\">\n                Studentstation liege\r\nR\u00e9sidence pour \u00e9tudiants au c\u0153ur de la Cit\u00e9 Ardente.            <\/div>\n            <!--\/ Project Summary -->\n            \n                        <!-- Project Year -->\n            <div class=\"year\">r\u00e9sidence \u00e9tudiante<\/div>\n            <!--\/ Project Year -->\n            \n                        <!-- Project Metas -->\n            <div class=\"meta\">\n\n                \n                                <div><span class=\"meta-title\">Projet<\/span>Immeuble \u00e9tudiant <\/div>\n                \n                \n\n                \n                \n                \n                                <div><span class=\"meta-title\">Year<\/span>2015<\/div>\n                \n\n                \n                \n\n            <\/div>\n            <!--\/ Project Metas -->\n            \n            <!-- Project Featured Image -->\n            <div class=\"image\">\n                               \n                                \n                           \n                \n                        <img decoding=\"async\" src=\"https:\/\/www.doubleffect.com\/wp-content\/uploads\/2020\/07\/student_site_02.jpg\" alt=\"Big Slider Project Image\">\n                \n                                    \n                            <\/div>\n            <!--\/ Project Featured Image -->\n\n        <\/div>\n        <!--\/ Project -->\n                <!-- Project -->\n        <div class=\"big-slider-item bs-inactive\" data-autoplay=\"10000\">\n\n            <!-- Project URL -->\n            <a href=\"https:\/\/www.doubleffect.com\/?portfolios=homie\"><\/a>\n            <!--\/ Project URL -->\n\n            <div class=\"top\">\n\n                                <!-- Project Category -->\n                <div class=\"category\">Actionnaires<\/div>\n                <!--\/ Project Category -->\n                \n                <!-- Project Title -->\n                <div class=\"title\">Homie<\/div>\n                <!--\/ Project Title -->\n            <\/div>\n\n                        <!-- Project Summary -->\n            <div class=\"summary\">\n                Vous \u00eates propri\u00e9taire d'un patrimoine immobilier et vous cherchez une solution de gestion efficace et adapt\u00e9e \u00e0 vos besoins ? \r\nNotre application de gestion immobili\u00e8re est faite pour vous !            <\/div>\n            <!--\/ Project Summary -->\n            \n                        <!-- Project Year -->\n            <div class=\"year\">2023<\/div>\n            <!--\/ Project Year -->\n            \n                        <!-- Project Metas -->\n            <div class=\"meta\">\n\n                \n                                <div><span class=\"meta-title\">Client<\/span>capsule corp<\/div>\n                \n                \n\n                \n                \n                \n                                <div><span class=\"meta-title\">Ann\u00e9e<\/span>2023<\/div>\n                \n\n                \n                \n\n            <\/div>\n            <!--\/ Project Metas -->\n            \n            <!-- Project Featured Image -->\n            <div class=\"image\">\n                               \n                                \n                           \n                \n                        <img decoding=\"async\" src=\"https:\/\/www.doubleffect.com\/wp-content\/uploads\/2020\/07\/homie_site_04.jpg\" alt=\"Big Slider Project Image\">\n                \n                                    \n                            <\/div>\n            <!--\/ Project Featured Image -->\n\n        <\/div>\n        <!--\/ Project -->\n                <!-- Project -->\n        <div class=\"big-slider-item bs-inactive\" data-autoplay=\"10000\">\n\n            <!-- Project URL -->\n            <a href=\"https:\/\/www.doubleffect.com\/?portfolios=tripin\"><\/a>\n            <!--\/ Project URL -->\n\n            <div class=\"top\">\n\n                                <!-- Project Category -->\n                <div class=\"category\">cr\u00e9ation\/ production\/ gestion<\/div>\n                <!--\/ Project Category -->\n                \n                <!-- Project Title -->\n                <div class=\"title\">MySQL&lt;br>select from *customers<\/div>\n                <!--\/ Project Title -->\n            <\/div>\n\n                        <!-- Project Summary -->\n            <div class=\"summary\">\n                Les frameworks Java (Java SE, Java EE, Java ME, Embedded, Java pour Android, etc.) couvrent un large \u00e9ventail de besoins : des logiciels de gestion aux applications web en passant par les applications mobiles, les jeux, et bien plus encore.            <\/div>\n            <!--\/ Project Summary -->\n            \n                        <!-- Project Year -->\n            <div class=\"year\">SELECT\u00a0*\u00a0FROM\u00a0Customers<\/div>\n            <!--\/ Project Year -->\n            \n                        <!-- Project Metas -->\n            <div class=\"meta\">\n\n                \n                                <div><span class=\"meta-title\">Client<\/span>Capsule corp<\/div>\n                \n                \n\n                \n                \n                \n                                <div><span class=\"meta-title\">projet<\/span>cr\u00e9ation et gestion<\/div>\n                \n\n                \n                \n\n            <\/div>\n            <!--\/ Project Metas -->\n            \n            <!-- Project Featured Image -->\n            <div class=\"image\">\n                               \n                                \n                           \n                \n                        <img decoding=\"async\" src=\"https:\/\/www.doubleffect.com\/wp-content\/uploads\/2020\/07\/rf-e1714031767250.jpg\" alt=\"Big Slider Project Image\">\n                \n                                    \n                            <\/div>\n            <!--\/ Project Featured Image -->\n\n        <\/div>\n        <!--\/ Project -->\n                <!-- Project -->\n        <div class=\"big-slider-item bs-inactive\" data-autoplay=\"10000\">\n\n            <!-- Project URL -->\n            <a href=\"https:\/\/www.doubleffect.com\/?portfolios=milk\"><\/a>\n            <!--\/ Project URL -->\n\n            <div class=\"top\">\n\n                                <!-- Project Category -->\n                <div class=\"category\">Cr\u00e9ateurs et gestionnaires<\/div>\n                <!--\/ Project Category -->\n                \n                <!-- Project Title -->\n                <div class=\"title\">MILK Shop<\/div>\n                <!--\/ Project Title -->\n            <\/div>\n\n                        <!-- Project Summary -->\n            <div class=\"summary\">\n                Concept store li\u00e9geois qui propose un espace Multi-marques qui allie rapports d\u00e9mocratiques et pi\u00e8ces exclusives haut de gamme....            <\/div>\n            <!--\/ Project Summary -->\n            \n                        <!-- Project Year -->\n            <div class=\"year\">Li\u00e8ge<\/div>\n            <!--\/ Project Year -->\n            \n                        <!-- Project Metas -->\n            <div class=\"meta\">\n\n                \n                                <div><span class=\"meta-title\">actionnaire<\/span>Celule corp<\/div>\n                \n                \n\n                \n                \n                \n                                <div><span class=\"meta-title\">Concept<\/span>store<\/div>\n                \n\n                \n                \n\n            <\/div>\n            <!--\/ Project Metas -->\n            \n            <!-- Project Featured Image -->\n            <div class=\"image\">\n                               \n                                \n                           \n                \n                        <img decoding=\"async\" src=\"https:\/\/www.doubleffect.com\/wp-content\/uploads\/2020\/07\/milk_site.jpg\" alt=\"Big Slider Project Image\">\n                \n                                    \n                            <\/div>\n            <!--\/ Project Featured Image -->\n\n        <\/div>\n        <!--\/ Project -->\n        \n\n\n    <\/div>\n\n    <div class=\"big-slide-button\">voir<\/div>\n\n        <div class=\"big-slide-pag\">\n        <div class=\"big-slide-prev\"><i class=\"icon-up-open-big\"><\/i><\/div>\n        <div class=\"big-slide-next\"><i class=\"icon-down-open-big\"><\/i><\/div>\n    <\/div>\n    \n        <div class=\"bs-bullets\"><\/div>\n    \n    <div class=\"bs-splitted\">\n        <div class=\"big-images swiper-container\">\n            <div class=\"swiper-wrapper\">\n\n            <\/div>\n        <\/div>\n    <\/div>\n\n<\/div>\n<!--\/Portfolio Big Carousel-->\n\n\n\n\t\t<\/div>\n\t\t\t\t<\/div>\n\t\t\t\t\t<\/div>\n\t\t<\/div>\n\t\t\t\t\t<\/div>\n\t\t<\/section>\n\t\t\t\t<section class=\"elementor-section elementor-top-section elementor-element elementor-element-8797990 elementor-section-boxed elementor-section-height-default elementor-section-height-default\" data-id=\"8797990\" data-element_type=\"section\">\n\t\t\t\t\t\t<div class=\"elementor-container elementor-column-gap-default\">\n\t\t\t\t\t<div class=\"elementor-column elementor-col-33 elementor-top-column elementor-element elementor-element-04abc77\" data-id=\"04abc77\" data-element_type=\"column\">\n\t\t\t<div class=\"elementor-widget-wrap elementor-element-populated\">\n\t\t\t\t\t\t<div class=\"elementor-element elementor-element-0dc03f3 elementor-widget elementor-widget-heading\" data-id=\"0dc03f3\" data-element_type=\"widget\" data-widget_type=\"heading.default\">\n\t\t\t\t<div class=\"elementor-widget-container\">\n\t\t\t<style>\/*! elementor - v3.21.0 - 08-05-2024 *\/\n.elementor-heading-title{padding:0;margin:0;line-height:1}.elementor-widget-heading .elementor-heading-title[class*=elementor-size-]>a{color:inherit;font-size:inherit;line-height:inherit}.elementor-widget-heading .elementor-heading-title.elementor-size-small{font-size:15px}.elementor-widget-heading .elementor-heading-title.elementor-size-medium{font-size:19px}.elementor-widget-heading .elementor-heading-title.elementor-size-large{font-size:29px}.elementor-widget-heading .elementor-heading-title.elementor-size-xl{font-size:39px}.elementor-widget-heading .elementor-heading-title.elementor-size-xxl{font-size:59px}<\/style><h2 class=\"elementor-heading-title elementor-size-default\">Texte\nlong\nlong\nlong\nlong<\/h2>\t\t<\/div>\n\t\t\t\t<\/div>\n\t\t\t\t\t<\/div>\n\t\t<\/div>\n\t\t\t\t<div class=\"elementor-column elementor-col-33 elementor-top-column elementor-element elementor-element-463560f\" data-id=\"463560f\" data-element_type=\"column\">\n\t\t\t<div class=\"elementor-widget-wrap\">\n\t\t\t\t\t\t\t<\/div>\n\t\t<\/div>\n\t\t\t\t<div class=\"elementor-column elementor-col-33 elementor-top-column elementor-element elementor-element-516fd43\" data-id=\"516fd43\" data-element_type=\"column\">\n\t\t\t<div class=\"elementor-widget-wrap\">\n\t\t\t\t\t\t\t<\/div>\n\t\t<\/div>\n\t\t\t\t\t<\/div>\n\t\t<\/section>\n\t\t\t\t<\/div>\n\t\t","protected":false},"excerpt":{"rendered":"<p>Production Gestionnaire de projets En tenant compte des provisions d\u00e9j\u00e0 pay\u00e9es. Le d\u00e9compte peut se faire sur la base des quotit\u00e9s, des consommations r\u00e9elles. #nous Cr\u00e9ationD\u00e9veloppement ProductionGestion Application Reference Fitness R\u00e9f\u00e9rence Fitness est un site internet sur lequel vous pouvez trouver et r\u00e9server une multitude de cours collectifs. Il s&rsquo;agit de cours vari\u00e9s (cardio, doux, [&hellip;]<\/p>\n","protected":false},"author":1,"featured_media":0,"parent":0,"menu_order":0,"comment_status":"closed","ping_status":"closed","template":"","meta":{"_acf_changed":false,"_monsterinsights_skip_tracking":false,"_monsterinsights_sitenote_active":false,"_monsterinsights_sitenote_note":"","_monsterinsights_sitenote_category":0,"footnotes":""},"class_list":["post-213","page","type-page","status-publish","hentry"],"acf":[],"aioseo_notices":[],"_links":{"self":[{"href":"https:\/\/www.doubleffect.com\/index.php?rest_route=\/wp\/v2\/pages\/213","targetHints":{"allow":["GET"]}}],"collection":[{"href":"https:\/\/www.doubleffect.com\/index.php?rest_route=\/wp\/v2\/pages"}],"about":[{"href":"https:\/\/www.doubleffect.com\/index.php?rest_route=\/wp\/v2\/types\/page"}],"author":[{"embeddable":true,"href":"https:\/\/www.doubleffect.com\/index.php?rest_route=\/wp\/v2\/users\/1"}],"replies":[{"embeddable":true,"href":"https:\/\/www.doubleffect.com\/index.php?rest_route=%2Fwp%2Fv2%2Fcomments&post=213"}],"version-history":[{"count":33,"href":"https:\/\/www.doubleffect.com\/index.php?rest_route=\/wp\/v2\/pages\/213\/revisions"}],"predecessor-version":[{"id":3091,"href":"https:\/\/www.doubleffect.com\/index.php?rest_route=\/wp\/v2\/pages\/213\/revisions\/3091"}],"wp:attachment":[{"href":"https:\/\/www.doubleffect.com\/index.php?rest_route=%2Fwp%2Fv2%2Fmedia&parent=213"}],"curies":[{"name":"wp","href":"https:\/\/api.w.org\/{rel}","templated":true}]}}